et s be 72/i - (-2)/5. Suppose -111 = -s*g + g. What is the tens digit of g?
3
Let k(v) = -v**3 + 6*v**2 - 5*v + 3. Let z = 5 - 1. Let n be k(z). What is the tens digit of 351/n - 9/(-15)?
2
Let q(b) = b - 503*b**2 + 1 + b**3 + 498*b**2 - 6 + 7*b - 4. Let h be (2/(-6) + -1)*-3. What is the units digit of q(h)?
7
Let v(z) = 30*z + 0*z - 8*z. Suppose 5*w + 3*n + 5 = 4, 3 = 5*w + n. What is the units digit of v(w)?
2
Let j = 6 + -4. Suppose j*c - 8 = -0*c. Suppose -c*k - g = -9, k - g = -0*k - 4. What is the units digit of k?
1
Suppose -4*i = -x + 1049, -11*i + 2120 = 2*x - 8*i. What is the tens digit of x?
5
Let h = 2 - -18. What is the hundreds digit of 3350/h + 2/(-4)?
1
Let u(b) = 10*b - 63. What is the units digit of u(21)?
7
Let l(v) = -7 - 2*v + v - 12. Let h be l(-10). What is the tens digit of (-9*1)/(3/h)?
2
What is the units digit of ((-663)/(-6))/(147/36 + -4)?
6
Suppose 3*g + 17 + 43 = 0. Let c = 50 + g. Suppose -5*v + 5*p + c = -0*v, 4*v + 2*p - 42 = 0. What is the units digit of v?
9
Let u(t) = -t**3 - 2*t**2 + 3*t. Let p be u(-4). Let a = 127 - 117. What is the units digit of 41/2 + a/p?
1
Suppose 3*c = -3*z - 78, -5*z + 3*c = -0*z + 106. Let y = z - -28. Suppose -2*f = -y*f + 177. What is the tens digit of f?
5
Suppose 600 = 14*d - 6*d. Let m(l) = l**3 + 9*l**2 + 5*l - 9. Let y be m(-7). Let o = d - y. What is the tens digit of o?
2
Let g(a) = -2*a + 30. Let c be (-89)/(-7) + (-12)/(-42). Let x be g(c). What is the tens digit of ((-51)/x)/((-5)/20)?
5
Suppose -5*i = 4*g + 53, -27 = g + g + 3*i. Suppose -5*l + 46 = 4*f, 2*f = 4*l - 31 - 11. What is the units digit of 5/(-2)*g/l?
3
Suppose f = 2*f + 5*r - 3284, 2*r + 13070 = 4*f. What is the units digit of f?
9
Let g = 142 + -66. What is the tens digit of g?
7
Suppose 20 = 4*q - 268. What is the tens digit of q?
7
Let g(i) = 2*i**2 - 9*i + 37. Let a = 61 + -52. What is the units digit of g(a)?
8
Let g(r) = -121*r**2 + 123*r**2 - 3*r - r + 15. What is the units digit of g(11)?
3
Suppose -5*y = 5*b - 9705, -y - 3159 = -b - 1220. What is the tens digit of b?
4
Suppose -3*a - 5*a = -88. Suppose -3*p - 936 = -a*p. What is the units digit of p?
7
Let w(h) be the second derivative of -h**5/20 - h**4/2 - 7*h**3/6 + 3*h. Let z be w(-5). Suppose z*k - 25 = 9*k. What is the tens digit of k?
2
Let k be 2/13 - (-126)/26. Suppose h = -k*c + 41, -5*c + 2*h + 0 + 38 = 0. Suppose y = -y + c. What is the units digit of y?
4
Let x = 374 + -187. Let l = -115 + x. What is the tens digit of l?
7
Let w = 1267 + -730. What is the hundreds digit of w?
5
Let f(h) = h**3 + 4*h**2 + 2*h - 1. Let r be f(-3). Suppose -3*u + 4 = 1, -3*a + 176 = r*u. What is the units digit of a?
8
Let h(b) = -4*b - 22. Let k be h(-6). Suppose -3*x + 2*t + t + 69 = 0, 4*t - 52 = -k*x. What is the tens digit of x?
2
Let v be 3*1 + (-6 - -6). Suppose -2*p + 8 = -5*j, -3*p = -2*p + v*j - 26. What is the units digit of p - 1*(2 - 5)?
7
What is the tens digit of 17/((-272)/112) - (-899 - -1)?
9
Suppose -7522 = -6*z + 2324. What is the tens digit of z?
4
Let y(v) = 17*v**2 - v + 40. What is the tens digit of y(-6)?
5
Suppose -3*l - 16 = -7*l. Let f be (l/(-12))/((-2)/30). Suppose -f*a + 87 = -128. What is the units digit of a?
3
Let v = -7 + 11. Suppose 7*m + 6 = 10*m. Suppose 3*b - m*b - 10 = -v*p, -4*b = 4*p - 100. What is the units digit of b?
0
Let f(k) = -2*k + 3. Let l be f(0). Suppose w = 2 - 1, -3*y - l*w + 15 = 0. Suppose y*x - 78 = x. What is the units digit of x?
6
Let u(j) = 4 - 8 + 7 - j**2 + j + 6*j**3. What is the units digit of u(2)?
9
Let p(a) = -10*a - 3. Let h be p(7). Let i = h + 83. What is the tens digit of i?
1
Suppose 0*t - r = 5*t - 4581, -5*r = -5*t + 4605. What is the units digit of t?
7
Let d(n) = -n**2 - 4*n + 4. Let j(z) = -4*z**2 + z - 2. Let w be j(1). Let s be d(w). What is the units digit of 0 + (0 - s) - -30?
1
Let j(w) = -w + 9. Let f be j(13). Let m be (0/2)/(f/(-2)). Suppose -n + 23 + 7 = m. What is the tens digit of n?
3
Suppose 3*m - 27 = 5*a, 31 = 4*m + 5*a - 10*a. Suppose 14*y - m*r = 15*y - 236, r + 944 = 4*y. What is the units digit of y?
6
Suppose -7*f = 201 - 4562. What is the units digit of f?
3
Let q = 4 + -6. Let n be 360/6*q/(-4). Suppose 4*m = n + 18. What is the units digit of m?
2
Let y = 18 - -8. Suppose 0 = 21*h - y*h + 365. What is the tens digit of h?
7
Let t be ((-24)/30)/(4/(-10)). Suppose 0 = t*a - 2 - 18. Let j = 20 - a. What is the units digit of j?
0
Let j = 87 + -81. Let z = j - -133. What is the units digit of z?
9
Suppose 23 = 4*g + 3. Suppose -31 = g*n - 911. What is the tens digit of n?
7
Suppose -h + d = 4*d - 13, 0 = h - 2*d + 2. What is the tens digit of (1 - 0)/(3*h/432)?
3
Let z(h) = -2*h**3 - 12*h**2 + 4*h + 10. What is the tens digit of z(-9)?
6
Suppose 2*a = -4*i + 1602, -2*a = -2*i - 393 - 1215. What is the tens digit of a?
0
Let f(b) = 2*b**2 + 7*b + 4. Let k be f(-3). What is the tens digit of (-420)/(k + -5) + -1?
0
Let z = 15 - 20. Let y(u) = u**3 + 5*u**2 - 3*u - 5. Let k be y(z). What is the tens digit of 56/(-10)*k/(-4)?
1
Let q(h) = 14*h + 8. Let a be q(-4). What is the units digit of (-12)/(-16)*a/(-1)?
6
Suppose 54*v - 57*v + 10390 = -5*s, v + 2*s = 3467. What is the hundreds digit of v?
4
Let q(d) be the second derivative of -d**4/24 + 13*d**3/6 + 2*d**2 + 2*d. Let j(p) be the first derivative of q(p). What is the units digit of j(8)?
5
Let q be ((-8)/(-20))/((-2)/20). Let h be (-5 + 3 - q)*4. Suppose -7*j = -h*j + 22. What is the tens digit of j?
2
Let w = 601 + -538. What is the tens digit of w?
6
Let p = 14 + -12. Let a(b) = -12*b + 3. Let o be a(p). What is the units digit of (3/(-3))/(1/o)?
1
Let k = 1266 + -538. What is the hundreds digit of k?
7
Suppose r = -5*v + 17, 0*v = -3*r - 2*v + 12. Let u = 3 + r. What is the units digit of u?
5
What is the tens digit of ((-950)/4)/(2/(-13 + 5))?
5
Let a = 10517 + -7123. What is the hundreds digit of a?
3
Let b(x) = 36*x**3 - x - 1. Let i be b(-1). Let j = 54 + i. What is the tens digit of j?
1
Let j(f) = 2*f**2 + 9. Let a be j(-12). Suppose 4*r - a = -97. What is the units digit of r?
0
Let u(q) = 11 + 0*q**2 + q**3 - 2*q + 4*q - 5*q**2. What is the units digit of u(5)?
1
Suppose 12 = -6*q + 10*q. Suppose q*s - u = 174, -4*s + 0*s - 4*u = -216. What is the tens digit of s?
5
Let w(k) = k**3 - 11*k**2 - 12*k + 5. Let u be w(12). Let t be 190/u*(-1 + 3). Suppose -z + t = 3*h, -471 + 146 = -5*z - 4*h. What is the units digit of z?
1
Let z = 6 - 65. Let x = z - -154. What is the units digit of x?
5
Let c(f) = -2*f**3 - 37*f**2 - 38*f - 9. What is the tens digit of c(-20)?
5
Let b be (-246 + 0)*(-1)/(-2). Let g = b + 323. Suppose j = 6*j - g. What is the units digit of j?
0
What is the units digit of 13538/42 + ((-1)/3)/1?
2
Let g be (-2)/1*628/8. Suppose -52*d - 824 = -44*d. Let z = d - g. What is the units digit of z?
4
Suppose -b + 3*p + 77 = -p, 2*b = -p + 109. What is the units digit of b?
7
Suppose -3*d + 743 = -4*o, -5*o = d - 340 + 105. What is the units digit of d?
5
Let z(n) = 4*n**2 - 30*n + 5. What is the hundreds digit of z(13)?
2
Let u = 3485 + -1659. What is the thousands digit of u?
1
Suppose 6*q - 15 = 5*q. Suppose -4*i + i = -4*w - 42, -3*w = i + 25. Let n = q + w. What is the units digit of n?
6
Suppose 3*i = -5*f + 14, 27 + 14 = 2*i - 3*f. Let w be (63 - 63)*(-2 + 1). Suppose v - i = -w. What is the tens digit of v?
1
What is the tens digit of 2463 + -1 + -7 + -8?
4
Let w = -5794 - -9236. What is the thousands digit of w?
3
Suppose w - 419 - 57 = 0. What is the hundreds digit of w?
4
Suppose 0 = 2*j + 2*f - 630, 2*j - 5*f + 16 - 611 = 0. Suppose -5*s + s - 4*h = -460, 4*h = 3*s - j. What is the tens digit of s?
1
What is the tens digit of (96 - (4 + -2)) + (-34)/(-17)?
9
Let q(j) = j**3 + j**2 - 4*j + 4. Let y be q(-3). What is the units digit of 0 + ((-688)/32)/(1/y)?
3
Let y = -13 + 25. Suppose 9*w = y*w - 18. What is the units digit of (138/w)/(1 - 0)?
3
Let x(j) = 28*j**2 + 65*j - 6. What is the hundreds digit of x(9)?
8
Suppose 11*s = 15*s - 16. Suppose 0*f + s*f = 32. What is the units digit of f?
8
Suppose 49*a = 46*a + 8397. What is the tens digit of a?
9
Let s(r) = -4*r**2 + 2. Let y be s(1). What is the tens digit of (1005/(-2))/(-5) + y/(-4)?
0
Suppose -20132 = 60*r - 7